{"id":46,"date":"2020-02-27T09:53:28","date_gmt":"2020-02-27T08:53:28","guid":{"rendered":"http:\/\/traveljunky.de\/?page_id=46"},"modified":"2020-07-24T11:28:34","modified_gmt":"2020-07-24T09:28:34","slug":"impressum","status":"publish","type":"page","link":"https:\/\/traveljunky.de\/?page_id=46","title":{"rendered":"Impressum"},"content":{"rendered":"\n<p><strong>Traveljunky GbR Wohnmobilvermietung<\/strong><\/p>\n\n\n\n<p><strong>Industriestra\u00dfe 2<\/strong><\/p>\n\n\n\n<p><strong>33161 H\u00f6velhof<\/strong><\/p>\n\n\n\n<p><strong>Telefon: +49 5257 \/ 935 7928<br><\/strong><br><\/p>\n\n\n\n\n\n\n<p><strong>E-Mail: info@traveljunky.de<\/strong><\/p>\n\n\n<p><strong>Internet: <\/strong><a href=\"https:\/\/www.traveljunky.de\/\"><strong>https:\/\/www.traveljunky.de\/<\/strong><\/a><\/p>\n\n\n\n<p><strong>Inhaber: Dieter Sonntag und Stefan Koch<\/strong><\/p>\n\n\n\n<p><strong>Steuer-Nr. 339\/5764\/2316<\/strong><\/p>\n\n\n\n<p><strong>Ust-IdNr.: DE328543591<\/strong><\/p>\n\n\n\n<p><strong>Urheberschutz:<\/strong><\/p>\n\n\n\n<p><strong>Alle Informationen, Firmenzeichen, Texte, Programme, Grafiken, Bilder und sonstige Daten auf dieser Website unterliegen dem Urheberrecht. Sie sind, soweit keine anderen Eigentumsvorbehalte greifen, Eigentum des Anbieters dieser Website. Eine Vervielf\u00e4ltigung oder Verwendung in anderen elektronischen oder gedruckten Publikationen ist ohne ausdr\u00fcckliche Zustimmung des Autors nicht gestattet.<\/strong><\/p>\n\n\n\n<p><strong>Markenschutz:<\/strong><\/p>\n\n\n\n<p><strong>Ggf. durch Dritte gesch\u00fctzte Marken- und Warenzeichen unterliegen uneingeschr\u00e4nkt den Bestimmungen des jeweils g\u00fcltigen Kennzeichenrechts und den Besitzrechten der jeweiligen eingetragenen Eigent\u00fcmer.<\/strong><\/p>\n\n\n\n<p><strong>Haftungshinweis:<\/strong><\/p>\n\n\n\n<p><strong>Der Anbieter \u00fcbernimmt keinerlei Gew\u00e4hr f\u00fcr die Aktualit\u00e4t, Richtigkeit, Vollst\u00e4ndigkeit oder Qualit\u00e4t der bereitgestellten Informationen. Haftungsansp\u00fcche gegen den Anbieter, welche sich auf Sch\u00e4den materieller oder ideeller Art beziehen, die durch die Nutzung oder Nichtnutzung der dargebotenen Informationen bzw. durch die Nutzung fehlerhafter und unvollst\u00e4ndiger Informationen verursacht wurden, sind grunds\u00e4tzlich ausgeschlossen, sofern seitens des Anbieters kein nachweislich vors\u00e4tzliches oder grob fahrl\u00e4ssiges Verschulden vorliegt. Trotz sorgf\u00e4ltiger Kontrolle \u00fcbernimmt der Anbieter keine Haftung f\u00fcr die Inhalte externer Links. F\u00fcr den Inhalt der verlinkten Seiten und weiterer Verweisungen sind ausschlie\u00dflich deren Betreiber verantwortlich.<\/strong><\/p>\n\n\n\n<p><strong>Rechtswirksamkeit:<\/strong><\/p>\n\n\n\n<p><strong>Sofern Teile oder einzelne Formulierungen dieses Textes der geltenden Rechtslage nicht, nicht mehr oder nicht vollst\u00e4ndig entsprechen sollten, bleiben die \u00fcbrigen Teile des Dokumentes in ihrem Inhalt und ihrer G\u00fcltigkeit davon unber\u00fchrt.<br>Weitere Informationen entnehmen Sie unsrer Datenschutzerkl\u00e4rung.<\/strong>Bildnachweis: <a href=\"http:\/\/unsplash.com\/photos\/LWSvQ022hD4?utm_source=jimdo_dolphin&amp;utm_medium=referral\" target=\"_blank\" rel=\"noreferrer noopener\">lydia harper<\/a> on <a href=\"https:\/\/unsplash.com\/?utm_source=jimdo_dolphin&amp;utm_medium=referral\" target=\"_blank\" rel=\"noreferrer noopener\">Unsplash<\/a>, <a href=\"http:\/\/unsplash.com\/photos\/LFRUBa-tiGs?utm_source=jimdo_dolphin&amp;utm_medium=referral\" target=\"_blank\" rel=\"noreferrer noopener\">eberhard grossgasteiger<\/a> on <a href=\"https:\/\/unsplash.com\/?utm_source=jimdo_dolphin&amp;utm_medium=referral\" target=\"_blank\" rel=\"noreferrer noopener\">Unsplash<\/a>, <a href=\"http:\/\/unsplash.com\/photos\/Vo52cKzOxMY?utm_source=jimdo_dolphin&amp;utm_medium=referral\" target=\"_blank\" rel=\"noreferrer noopener\">Joshua Ness<\/a> on <a href=\"https:\/\/unsplash.com\/?utm_source=jimdo_dolphin&amp;utm_medium=referral\" target=\"_blank\" rel=\"noreferrer noopener\">Unsplash<\/a><\/p>\n","protected":false},"excerpt":{"rendered":"<p>Traveljunky GbR Wohnmobilvermietung Industriestra\u00dfe 2 33161 H\u00f6velhof Telefon: +49 5257 \/ 935 7928 E-Mail: info@traveljunky.de Internet: https:\/\/www.traveljunky.de\/ Inhaber: Dieter Sonntag und Stefan Koch Steuer-Nr. 339\/5764\/2316 Ust-IdNr.: DE328543591 Urheberschutz: Alle Informationen, Firmenzeichen, Texte, Programme, Grafiken, Bilder und sonstige Daten auf dieser Website unterliegen dem Urheberrecht. Sie &hellip; <\/p>\n","protected":false},"author":1,"featured_media":0,"parent":0,"menu_order":0,"comment_status":"closed","ping_status":"closed","template":"","meta":[],"_links":{"self":[{"href":"https:\/\/traveljunky.de\/index.php?rest_route=\/wp\/v2\/pages\/46"}],"collection":[{"href":"https:\/\/traveljunky.de\/index.php?rest_route=\/wp\/v2\/pages"}],"about":[{"href":"https:\/\/traveljunky.de\/index.php?rest_route=\/wp\/v2\/types\/page"}],"author":[{"embeddable":true,"href":"https:\/\/traveljunky.de\/index.php?rest_route=\/wp\/v2\/users\/1"}],"replies":[{"embeddable":true,"href":"https:\/\/traveljunky.de\/index.php?rest_route=%2Fwp%2Fv2%2Fcomments&post=46"}],"version-history":[{"count":9,"href":"https:\/\/traveljunky.de\/index.php?rest_route=\/wp\/v2\/pages\/46\/revisions"}],"predecessor-version":[{"id":170,"href":"https:\/\/traveljunky.de\/index.php?rest_route=\/wp\/v2\/pages\/46\/revisions\/170"}],"wp:attachment":[{"href":"https:\/\/traveljunky.de\/index.php?rest_route=%2Fwp%2Fv2%2Fmedia&parent=46"}],"curies":[{"name":"wp","href":"https:\/\/api.w.org\/{rel}","templated":true}]}}