{"id":102,"date":"2020-03-06T08:32:49","date_gmt":"2020-03-06T07:32:49","guid":{"rendered":"http:\/\/traveljunky.de\/?page_id=102"},"modified":"2022-11-29T17:34:10","modified_gmt":"2022-11-29T16:34:10","slug":"preise","status":"publish","type":"page","link":"https:\/\/traveljunky.de\/?page_id=102","title":{"rendered":"Preise"},"content":{"rendered":"\n<h2>Preise &amp; weitere Infos<\/h2>\n\n\n\n<p>Hier findest Du alle Preise der Wohnmobile und Zusatzausstattung sowie Infos zur Mindestmietdauer<\/p>\n\n\n\n<p><strong>Sparsaison 2023<br><\/strong>01.01.2023 bis 03.03.2023 und 01.11.2023 bis 31.12.2023<br>&nbsp;<br><strong>Nebensaison 2023<br><\/strong>25.03.2023 bis 16.06.2022 und 01.09.2023 bis 31.10.2023<\/p>\n\n\n\n<p><strong>Zwischensaison 2023<br><\/strong>04.03.2023 bis 24.03.2023<\/p>\n\n\n\n<p><strong>Hauptsaison 2023<br><\/strong>17.06.2023 bis 31.08.2023<br> <\/p>\n\n\n\n<h3>Mietpreise<\/h3>\n\n\n\n<p><strong><u><strong>Hobby T65 HFL Optima<\/strong><\/u><\/strong>&nbsp;<\/p>\n\n\n\n<p><strong>Sparsaison<\/strong> Miete pro Nacht 85,00 \u20ac<\/p>\n\n\n\n<p><strong>Zwischensaison<\/strong> Miete pro Nacht 90,00 \u20ac<\/p>\n\n\n\n<p><strong>Nebensaison<\/strong> Miete pro Nacht 99,00 \u20ac<\/p>\n\n\n\n<p><strong>Hauptsaison<\/strong> Miete pro Nacht 128,00 \u20ac<\/p>\n\n\n\n<hr class=\"wp-block-separator\"\/>\n\n\n\n<p><strong><u>NobelArt A700<\/u><\/strong><\/p>\n\n\n\n<p><strong>Sparsaison<\/strong> Miete pro Nacht 85,00 \u20ac<\/p>\n\n\n\n<p><strong>Zwischensaison<\/strong> Miete pro Nacht 90,00 \u20ac<\/p>\n\n\n\n<p><strong>Nebensaison<\/strong> Miete pro Nacht 99,00 \u20ac<\/p>\n\n\n\n<p><strong>Hauptsaison<\/strong> Miete pro Nacht 128,00 \u20ac<\/p>\n\n\n\n<hr class=\"wp-block-separator\"\/>\n\n\n\n<p><strong><u>NobelArt T5000<\/u><\/strong><\/p>\n\n\n\n<p><strong>Sparsaison<\/strong> Miete pro Nacht 85,00 \u20ac<\/p>\n\n\n\n<p><strong>Zwischensaison<\/strong> Miete pro Nacht 90,00 \u20ac<\/p>\n\n\n\n<p><strong>Nebensaison<\/strong> Miete pro Nacht 99,00 \u20ac<\/p>\n\n\n\n<p><strong>Hauptsaison<\/strong> Miete pro Nacht 128,00 \u20ac<\/p>\n\n\n\n<hr class=\"wp-block-separator\"\/>\n\n\n\n<p><strong><u>Roller Team Kronos 284 TL<\/u><\/strong><\/p>\n\n\n\n<p><strong>Sparsaison<\/strong> Miete pro Nacht 85,00 \u20ac<\/p>\n\n\n\n<p><strong>Zwischensaison<\/strong> Miete pro Nacht 90,00 \u20ac<\/p>\n\n\n\n<p><strong>Nebensaison<\/strong> Miete pro Nacht 99,00 \u20ac<\/p>\n\n\n\n<p><strong>Hauptsaison<\/strong> Miete pro Nacht 128,00 \u20ac<\/p>\n\n\n\n<hr class=\"wp-block-separator\"\/>\n\n\n\n<p><strong><u>Weinsberg Cara Suite<\/u><\/strong><\/p>\n\n\n\n<p><strong>Sparsaison<\/strong> Miete pro Nacht 85,00 \u20ac<\/p>\n\n\n\n<p><strong>Zwischensaison<\/strong> Miete pro Nacht 90,00 \u20ac<\/p>\n\n\n\n<p><strong>Nebensaison<\/strong> Miete pro Nacht 99,00 \u20ac<\/p>\n\n\n\n<p><strong>Hauptsaison<\/strong> Miete pro Nacht 128,00 \u20ac<\/p>\n\n\n\n<h3>Kilometerbegrenzung<\/h3>\n\n\n\n<p>280 km\/Tag inklusive, Mehrkilometer 0,30 Euro\/pro km<br>ab 14 Tage Mietdauer, alle km frei&nbsp;<\/p>\n\n\n\n<p><br>&nbsp;<br><strong>F\u00fcr eine Langzeitmiete ( ab 4 Wochen ) gibt es Sonderpreise! Sprich uns an! Wir unterbreiten Dir dann gerne ein pers\u00f6nliches Angebot.<\/strong><br> <br><strong>Haustiere reisen nach Vereinbarung kostenlos mit.<\/strong><br><br><\/p>\n\n\n\n<h3>Servicepauschale<\/h3>\n\n\n\n<p><strong>Bei jeder Anmietung wird eine einmalige Servicepauschale von 99,00\u20ac erhoben.<\/strong><br><br><strong>Diese beinhaltet:<\/strong><br><br><\/p>\n\n\n\n<p>1x Gasflasche 11kg F\u00fcllung<br>Sanit\u00e4rchemie (einmalig)<br>Matratzenschoner<br>Spannbettlaken<br>Au\u00dfenreinigung des Fahrzeuges<br>Ausf\u00fchrliche &amp; Kompetente Einweisung bei der \u00dcbergabe&nbsp;<\/p>\n\n\n\n<h3>Zubuchbare Leistungen:<\/h3>\n\n\n\n<p><strong>Campingset<br><\/strong>4 St\u00fchle + 1 Tisch = 15,00\u20ac pro Woche<br>2 St\u00fchle + 1 Tisch = 10,00\u20ac pro Woche<br>\u00a0<br><strong>Handtuchpaket<br><\/strong>1 gro\u00dfes + 1 kleines Handtuch pro Person = einmalig 5,00\u20ac <br>\u00a0<br><strong>Zus\u00e4tzliche Gasflasche<br><\/strong>11kg = 35,00\u20ac<br>5kg = 25,00\u20ac<br><br><\/p>\n\n\n\n<p><strong>PKW Parkplatz<br><\/strong>w\u00e4hrend der Mietzeit kostenlos.<br>Das Abstellen des Fahrzeuges ist auf eigene Gefahr.<br>&nbsp;&nbsp;<\/p>\n\n\n\n<h3>infos zur Mindestmietdauer<\/h3>\n\n\n\n<p>In der Sparsaison und Nebensaison betr\u00e4gt die Mindestmietdauer 3 N\u00e4chte ausgenommen Oster- und Herbstferien sowie die Monate Juni und September. In diesen Zeitr\u00e4umen betr\u00e4gt die Mindestmietdauer 6 N\u00e4chte. In der Hauptsaison betr\u00e4gt die Mindestmietdauer 10 N\u00e4chte. Nach Absprache k\u00f6nnen auch andere Regelungen getroffen werden.<\/p>\n\n\n\n<p><strong>Bitte beachten!!!!<\/strong><strong><\/strong><\/p>\n\n\n\n<p>Bei der R\u00fcckgabe des Fahrzeuges muss dieses von innen gereinigt werden. Das hei\u00dft das Wohnmobil muss ausgesaugt sein, die Schr\u00e4nke, Fl\u00e4chen und Scheiben\/Fenster sauber.<\/p>\n\n\n\n<p>M\u00f6chte Sie dies nicht selbst erledigen, k\u00f6nnen Sie die Endreinigung gerne dazu buchen.<\/p>\n\n\n\n<h3>Zahlungsmethoden \/ Bankverbindung<\/h3>\n\n\n\n<p>&nbsp; &nbsp;<strong>Anzahlung und Restzahlung<\/strong>&nbsp;<br><br><\/p>\n\n\n\n<p>Zur Best\u00e4tigung der Reservierung ist eine Anzahlung von <strong>20 %<\/strong> vom Reisepreis zu leisten.<br>Die Restzahlung muss sp\u00e4testens bis 30 Tage vor Mietbeginn beim Vermieter eingegangen sein.<br><br><strong>Bankverbindung<br><\/strong>Volksbank Bielefeld-G\u00fctersloh eG<br><strong>IBAN:<\/strong> DE95 4786 0125 0515 2054 00<br><strong>BIC:<\/strong> GENODEM1GTL<\/p>\n","protected":false},"excerpt":{"rendered":"<p>Preise &amp; weitere Infos Hier findest Du alle Preise der Wohnmobile und Zusatzausstattung sowie Infos zur Mindestmietdauer Sparsaison 202301.01.2023 bis 03.03.2023 und 01.11.2023 bis 31.12.2023&nbsp;Nebensaison 202325.03.2023 bis 16.06.2022 und 01.09.2023 bis 31.10.2023 Zwischensaison 202304.03.2023 bis 24.03.2023 Hauptsaison 202317.06.2023 bis 31.08.2023 Mietpreise Hobby T65 HFL Optima&nbsp; &hellip; <\/p>\n","protected":false},"author":1,"featured_media":0,"parent":0,"menu_order":0,"comment_status":"closed","ping_status":"closed","template":"","meta":[],"_links":{"self":[{"href":"https:\/\/traveljunky.de\/index.php?rest_route=\/wp\/v2\/pages\/102"}],"collection":[{"href":"https:\/\/traveljunky.de\/index.php?rest_route=\/wp\/v2\/pages"}],"about":[{"href":"https:\/\/traveljunky.de\/index.php?rest_route=\/wp\/v2\/types\/page"}],"author":[{"embeddable":true,"href":"https:\/\/traveljunky.de\/index.php?rest_route=\/wp\/v2\/users\/1"}],"replies":[{"embeddable":true,"href":"https:\/\/traveljunky.de\/index.php?rest_route=%2Fwp%2Fv2%2Fcomments&post=102"}],"version-history":[{"count":12,"href":"https:\/\/traveljunky.de\/index.php?rest_route=\/wp\/v2\/pages\/102\/revisions"}],"predecessor-version":[{"id":323,"href":"https:\/\/traveljunky.de\/index.php?rest_route=\/wp\/v2\/pages\/102\/revisions\/323"}],"wp:attachment":[{"href":"https:\/\/traveljunky.de\/index.php?rest_route=%2Fwp%2Fv2%2Fmedia&parent=102"}],"curies":[{"name":"wp","href":"https:\/\/api.w.org\/{rel}","templated":true}]}}